13 - 6*h - 5. Suppose 6 = 4*i - 2*i. Determine s(i).
-15
Let m(y) = -15*y + 17. Let o(k) = 8*k - 9. Let w(a) = 6*m(a) + 11*o(a). Give w(3).
-3
Let v(b) = -2*b + 7. Let g(z) = -2*z**2 + 19*z + 6. Let q be g(10). What is v(q)?
15
Let y(t) = t**3 - 4*t**2 - 4*t - 6. Let w(n) = -4*n**3 + 11*n**2 + 13*n + 17. Let z(b) = -2*w(b) - 7*y(b). What is z(-6)?
-4
Let b(w) be the second derivative of w**3/3 - 3*w**2/2 + 2*w + 7. What is b(0)?
-3
Let j be 3*(-30)/(-9) - (-9)/(-3). Let h(c) = c - 6. Let l be h(j). Let m(i) = -3 + i + 4*i**3 - i**2 + 2 + 2*i**2. What is m(l)?
5
Let s(w) = w**2 - 11*w. Let j be s(11). Let q(p) = p - 2. Let g be q(-5). Let y = j + g. Let t(r) = -r**3 - 7*r**2 - r - 6. Determine t(y).
1
Suppose 12*y + 53 = 41. Let h(w) = 37*w**2 - w - 2. Determine h(y).
36
Let l(n) = -n**3 + n**2 - n + 2. Let t = -2 - -1. Suppose -5*r = 2*y - y - 13, -2*y + 10 = 2*r. Let x = y + t. Give l(x).
-4
Let j(n) = -n**3 + 5*n**2 - 3*n - 1. Let p = 1 + 3. Let b = -4 + p. Suppose b = 14*w - 11*w - 12. Give j(w).
3
Let b(a) = -39 - 48 + 5*a + 89. Calculate b(4).
22
Let u(f) = 5*f + 3. Let r(q) = 2*q**2 + 4*q - 4. Let i be r(0). Calculate u(i).
-17
Suppose -36*y = -69 - 39. Let l(t) = 4*t**2 - t - 3. Calculate l(y).
30
Let v = -2 + -5. Let r(o) be the first derivative of o**3/3 + 3*o**2 - 265. Determine r(v).
7
Let b(z) = z**2 - 44*z - 3. Let f be b(0). Let u(v) be the third derivative of 1/60*v**5 - v**2 + 0*v + 1/2*v**3 + 1/12*v**4 + 0. What is u(f)?
6
Suppose -2*k - 2 = -4*p, 4*k - 3*p = 2*k - 1. Let t(r) = -19*r + 2. Let w(b) = -3*b + 1. Let u(j) = t(j) - 3*w(j). What is u(k)?
-11
Let f(g) be the first derivative of -g**4/4 + 4*g**3/3 + g**2/2 + g - 109. Calculate f(2).
11
Let m(j) = 3*j**2 + 6211 - 4*j**2 - 6224 - 8*j. Give m(-7).
-6
Suppose 0 = 4*d + 5*o - 21, -2*d + 5*d = 3*o + 9. Let v(q) = 4*q - 5*q**2 + 110576*q**3 - 221148*q**3 + 110573*q**3. Determine v(d).
0
Let q(u) be the third derivative of u**4/24 - 3*u**3/2 - 159*u**2 + 1. Give q(5).
-4
Let m(p) = -p**2 + 6*p - 7. Let d = 45 - 45. Let z be d/(3/3) - -5. Calculate m(z).
-2
Let t(b) = -b**2 + 12*b + 12. Let z(a) = -a**2 + 11*a + 12. Let n(q) = 2*t(q) - 3*z(q). Determine n(11).
10
Let d(i) = i**3 - 772*i**2 + 5 + 400*i**2 + 375*i**2. Let a = -10 - -6. What is d(a)?
-11
Suppose -5*k + 2*w - 235 = -37, -3*k = -3*w + 126. Let p = k - -44. Let z(n) = -5 - 4 - 4*n**2 + 3*n**2 + 8*n. Calculate z(p).
3
Let u(b) be the first derivative of -2*b**2 - 7/12*b**4 - 1/20*b**5 - 2/3*b**3 - 5*b + 3. Let j(y) be the first derivative of u(y). Calculate j(-6).
-16
Let a(b) = -b. Let q = -101 + 142. Suppose -w = 5*d - 32, -w - 4*d - 13 = -q. Suppose c - w = -15. Determine a(c).
3
Let x(c) = c + 5. Let q(z) = -z**3 - 6*z**2 - 3*z + 10. Let s be q(-5). Suppose s = g - b - 6, 0 = -2*g + 5*b + 3 + 15. Determine x(g).
9
Let v(r) = r**2 - 7*r + 12. Let w = -994 - -999. Calculate v(w).
2
Suppose -2*t + 0 + 4 = 0. Let n(d) = 0*d - 2*d + 5*d + 4*d**t - 2*d. Give n(1).
5
Let p(x) be the second derivative of x**5/20 - x**4/6 + x**2 + 486*x. Give p(-1).
-1
Suppose -61*l + 65*l = 24. Let m(y) = y - 1. What is m(l)?
5
Let n be (-18 - -18) + (-1 - 11). Let y be (6/n)/((-2)/8). Suppose 1 = y*m + 7. Let v(w) = 2*w**2 + 4*w. Calculate v(m).
6
Let a(p) = -1. Let q(h) = h**2 - 2*h - 6. Let x = 15 + -11. Suppose -2*t + t = -4*w, -x*w - 2*t = 12. Let m(y) = w*q(y) + 2*a(y). Give m(-3).
-11
Let z(k) = k. Suppose 3*x - 10 = -1. Suppose 0 = 4*m + o + 20 + 6, -x*o = -m. Give z(m).
-6
Let k(o) = -15*o**2 - 3*o + 3. Let f(v) = -28*v**2 - 7*v + 8. Let d(j) = 2*f(j) - 5*k(j). Calculate d(1).
21
Let s(n) = 3*n - 2. Let g(d) = -d**3 - 2*d**2 + 2*d + 1. Let q(l) = -l - 14. Let k be q(-11). Let i be g(k). Suppose 0 = 5*b - 11 - i. Give s(b).
7
Let f be (-12)/(((-2)/2)/(2/4)). Suppose 0 = 2*l - 2 - 2, -4 = w - 3*l. Let i(o) = -5 + 0*o**2 - o**w + 6*o + 0. Give i(f).
-5
Let f(p) be the first derivative of p**3/3 + 9*p**2/2 - 15*p + 789. Determine f(-9).
-15
Suppose 5*u - 72 = -52. Suppose -5*o - u - 31 = 0. Let b(v) = v + 7. What is b(o)?
0
Suppose -64 = -x + 3*a, -2*a + 18 = 2*x - 102. Let g = 66 - x. Let y(l) = l**2 - 4*l - 5. Determine y(g).
0
Let p be 3/2*60/9. Let c(s) = 2*s - s**2 - 2*s**2 - p + 11. Give c(-2).
-15
Let r(c) be the third derivative of -c**5/60 + 5*c**4/24 + c**3/3 - 72*c**2. Give r(3).
8
Suppose -8*h + 7 = -y - 10*h, -y - 7 = -h. Let i(z) = z**3 + 6*z**2 - 4*z + 8. What is i(y)?
-13
Let v(m) be the second derivative of m**4/12 - 10*m**3/3 + 8*m**2 - m. Let g be v(19). Let w(q) = -2*q**2 - 4*q - 1. Calculate w(g).
-7
Let r(w) = -7*w**3 + 2*w**2 - 1. Suppose 25 = -5*x, -3*k = 6*x - 3*x + 12. Let i be (-4)/36*-6 - k/(-3). Calculate r(i).
-6
Suppose -10*b - 1 = -11*b. Let j(s) = 30*s**3 - 1. Determine j(b).
29
Let s(v) be the third derivative of -v**6/120 + v**5/60 + v**4/12 - v**3/3 + 93*v**2. Let q(l) = -l**2 + 6*l + 2. Let i be q(6). Determine s(i).
-2
Suppose -51 = -0*h + 3*h + 4*o, -3*h - 51 = o. Let m = h - -23. Let k(z) = -z**3 + 5*z**2 + 3*z + 8. Calculate k(m).
-10
Let d(a) = a**2 - 16. Let z be d(-5). Let v(t) = 2*t - 2*t - t + z. Calculate v(6).
3
Suppose 18 = 2*k + 3*u, -3*u + 5 = -3*k + 2. Let f be k*(2/(-2) + 2). Let o be f + (-3)/(-6)*-2. Let h(w) = w**3 + w**2 - 3*w + 1. What is h(o)?
7
Let q(g) = 8*g**3 + 67*g**2 + 56*g + 7. Let k(o) = -3*o**3 - 23*o**2 - 19*o - 2. Let y(u) = -11*k(u) - 4*q(u). Give y(16).
10
Let j(r) = 2*r**3 - 3*r**2 - 6*r + 3. Let v(w) = w. Let d(s) = j(s) + 2*v(s). What is d(3)?
18
Let k(q) = -13*q - 6 - 1 + 2 + 12*q. What is k(7)?
-12
Let p(g) = -5*g**2 + 3*g**3 + 5 - 285*g - 4*g**3 + 287*g. Let y be p(-5). Let x(l) = l**2 - 5 + 1 + 2*l + 0*l**2. Give x(y).
11
Let j(g) = -3*g + 56. Let y be j(17). Suppose -y*q + 25 = -6*l + 3*l, -4*l + 5 = q. Let o(x) = -x**2 + 6*x + 4. What is o(q)?
9
Let m(q) be the third derivative of -1/6*q**4 + 1/60*q**5 + q**3 + 25*q**2 + 0 + 0*q. What is m(5)?
11
Let d(l) = -101*l**2 - 4*l - 2. Let b be d(-1). Let y = b + 105. Let f(x) = x - 7. What is f(y)?
-1
Let p = 162 + -92. Let w = -438 - -438. Let k(d) = p*d + w - 5 - 68*d. Give k(4).
3
Suppose -2*p + 9*p + 84 = 0. Let n(i) = 2*i - 11. What is n(p)?
-35
Let i(n) = 2*n - 2. Let j be (-1)/(-6 - 66/(-12)). What is i(j)?
2
Let d(g) = -4*g**3 - 2*g**2 + 14*g + 11. Let z(j) = 3*j**3 + 4*j**2 - 13*j - 11. Let h(v) = 2*d(v) + 3*z(v). Determine h(-9).
7
Let q(b) be the first derivative of 2*b**3/3 - 11*b**2/2 + 11*b - 119. Give q(8).
51
Suppose o - 3*h = -42, h = 2*o + 26 + 33. Let g be (9/o)/(2/3)*12. Let t(p) = -p - 9. What is t(g)?
-3
Let v(p) = -p + 4. Let r(t) = -18 - 8 + 2*t + 2. Let f be r(11). Let n = 4 - f. What is v(n)?
-2
Let p(d) = -d**2 - 6*d - 2. Let u(s) = 4*s + 125. Let q be u(-32). Give p(q).
7
Let y(w) = -5*w - 7. Let o(z) = -11*z - 15. Let i(j) = 6*o(j) - 13*y(j). Let b be i(7). Let g be ((-2)/b)/(2/12). Let x(f) = -5*f. What is x(g)?
-10
Let n = 242 - 207. Let u(z) = -n - 30 + 60 - z. Let m = -15 - -11. What is u(m)?
-1
Let d(x) be the first derivative of 11*x**3/3 - x + 52. Calculate d(-1).
10
Let y(k) = 2*k - 10. Let n be 2/(-3 - (-11)/3). Let r(b) = 2*b + 2. Let x be r(n). Give y(x).
6
Let k(j) = 12*j + 65. Let w be (-138)/759 - 128/22. Give k(w).
-7
Let n(y) = -y - 18. Let l be (3*(-3)/(-9))/(14/(-126)). Calculate n(l).
-9
Suppose -2*p + 29*j - 30*j + 20 = 0, -2*p - 5*j + 4 = 0. Let o(i) = -i + 7. Give o(p).
-5
Let y(t) = 6*t**2 + 2*t + 1. Suppose d + 101 = -8. Let u = d - -108. Calculate y(u).
5
Let w(q) = 3*q + 6. Let k(n) = -5*n - 12. Let x = -3 + -1. Let z(l) = x*k(l) - 7*w(l). Let g be (-156)/12 + 2 + 6. Determine z(g).
11
Suppose 0 = -3*y - 4 + 19. Let w(a) = -2*a - 4. Let m(s) be the second derivative of s**3/6 + s**2/2 + s. Let d(n) = -6*m(n) - 2*w(n). Determine d(y).
-8
Let k(z) = -6*z**2 + z + 4. Suppose -4*j - 17 = -13. Let x(q) = -1. Let m(s) = j*k(s) - 4*x(s). What is m(-1)?
7
Suppose -o - 4*u = -7, o - 5*u = 6 + 1. Let p(j) be the second derivative of j**4/12 - 3*j**3/2 + 5*j**2/2 - 547*j. Determine p(o).
-9
Let g(w) = 4*w - 1. Let a(l) = -l. Let c(h) = -3*a(h) - g(h). Let v(f) = -8*f + 10. Let m(k) = 6*c(k) - v(k). Calculate m(-6).
-16
Let j(t) = -1 + 5 - 2*t + 270*t**2 - 272*t**2. Calculate j(2).
-8
Let w be 8 + -10 + 5 + (5 - 0). Let a(x) = x**3 - 8*x**2 + 2*x - 12. Determine